re the prime factors of 281725171?
7, 13, 1259, 2459
List the prime factors of 82483417.
43, 1918219
List the prime factors of 322063107.
3, 131, 819499
What are the prime factors of 4159456281?
3, 59, 7833251
What are the prime factors of 1063139131?
26497, 40123
What are the prime factors of 5578415076?
2, 3, 13, 35759071
What are the prime factors of 45637398?
2, 3, 845137
List the prime factors of 96296243.
1087, 88589
List the prime factors of 192486146.
2, 43, 2238211
What are the prime factors of 69603001?
13, 283, 18919
List the prime factors of 168154909.
13, 23, 71, 89
List the prime factors of 899256028.
2, 11, 1857967
List the prime factors of 9615622065.
3, 5, 7, 79, 165601
List the prime factors of 155550808.
2, 7, 31, 89603
List the prime factors of 1361676195.
3, 5, 11, 2750861
What are the prime factors of 55940158?
2, 27970079
List the prime factors of 2199263402.
2, 7, 157090243
List the prime factors of 656269950.
2, 3, 5, 7, 359, 1741
List the prime factors of 3316287816.
2, 3, 19, 281, 8627
What are the prime factors of 66794912?
2, 149, 14009
List the prime factors of 208376314.
2, 83, 1255279
What are the prime factors of 837085098?
2, 3, 331, 421493
What are the prime factors of 462228445?
5, 7, 31, 167, 2551
What are the prime factors of 145471629?
3, 211, 229813
List the prime factors of 72864267.
3, 7, 3469727
List the prime factors of 1134218636.
2, 283554659
List the prime factors of 120462487.
120462487
What are the prime factors of 497539934?
2, 11813, 21059
List the prime factors of 31847807.
113, 281839
List the prime factors of 1017375585.
3, 5, 67825039
What are the prime factors of 5065601341?
89, 56916869
List the prime factors of 4561609.
13, 211, 1663
List the prime factors of 404086002.
2, 3, 67347667
What are the prime factors of 988644191?
29, 1759, 19381
What are the prime factors of 6086078?
2, 1301, 2339
What are the prime factors of 345142225?
5, 3373, 4093
List the prime factors of 1034160903.
3, 6577, 17471
What are the prime factors of 73453432?
2, 13, 706283
List the prime factors of 6144270129.
3, 43, 15876667
List the prime factors of 100189044.
2, 3, 37, 75217
List the prime factors of 358648296.
2, 3, 523, 28573
What are the prime factors of 29327796?
2, 3, 563, 1447
List the prime factors of 4429597.
4429597
What are the prime factors of 400064088?
2, 3, 43, 387659
What are the prime factors of 117806446?
2, 37, 239, 6661
What are the prime factors of 128022729?
3, 67, 383, 1663
What are the prime factors of 157291105?
5, 149, 211129
List the prime factors of 237628620.
2, 3, 5, 41, 10733
List the prime factors of 24092281.
17, 127, 11159
List the prime factors of 41977057.
337, 124561
What are the prime factors of 867213658?
2, 127, 3414227
List the prime factors of 146398154.
2, 7, 19, 550369
List the prime factors of 157851366.
2, 3, 43, 611827
List the prime factors of 12856709.
17, 47, 16091
List the prime factors of 224169477.
3, 7, 23, 464119
List the prime factors of 126285077.
19, 197, 33739
What are the prime factors of 2777565015?
3, 5, 373, 165479
List the prime factors of 435585361.
435585361
What are the prime factors of 16019707?
11, 23, 2753
What are the prime factors of 36751008?
2, 3, 7, 17, 3217
What are the prime factors of 830129421?
3, 11, 25155437
What are the prime factors of 38263179?
3, 1699, 7507
List the prime factors of 3368430579.
3, 1259, 891827
What are the prime factors of 2831851396?
2, 11, 64360259
What are the prime factors of 92125733?
7, 1880117
List the prime factors of 434744360.
2, 5, 47, 71, 3257
List the prime factors of 3521870606.
2, 29, 101, 601207
What are the prime factors of 306654338?
2, 19, 424729
List the prime factors of 1251134489.
11, 113739499
List the prime factors of 194075091.
3, 7, 89, 34613
What are the prime factors of 9988135?
5, 353, 5659
What are the prime factors of 105123729?
3, 101, 346943
What are the prime factors of 220544231?
3319, 66449
List the prime factors of 262209500.
2, 5, 7, 19, 3943
List the prime factors of 66992409.
3, 11, 43, 15737
List the prime factors of 794996554.
2, 11, 36136207
List the prime factors of 219033628.
2, 11, 89, 55933
List the prime factors of 42269130.
2, 3, 5, 469657
What are the prime factors of 488714024?
2, 797, 76649
What are the prime factors of 249765581?
13, 17, 457, 2473
List the prime factors of 35990765.
5, 7198153
What are the prime factors of 261696626?
2, 130848313
What are the prime factors of 647719543?
647719543
List the prime factors of 2633270112.
2, 3, 11, 241, 3449
What are the prime factors of 121565883?
3, 29, 257, 5437
What are the prime factors of 62864621?
31, 179, 11329
What are the prime factors of 165787851?
3, 55262617
What are the prime factors of 7218251?
17, 23, 18461
List the prime factors of 365640700.
2, 5, 29, 59, 2137
List the prime factors of 30030031.
30030031
List the prime factors of 25257043.
7, 71, 89, 571
List the prime factors of 32374400.
2, 5, 67, 151
List the prime factors of 2241920.
2, 5, 31, 113
What are the prime factors of 18282802?
2, 41, 59, 3779
What are the prime factors of 173478390?
2, 3, 5, 223, 25931
List the prime factors of 202882128.
2, 3, 4226711
List the prime factors of 5314276927.
5314276927
List the prime factors of 154925663.
154925663
List the prime factors of 137727324.
2, 3, 7, 182179
What are the prime factors of 1970522376?
2, 3, 19, 47, 91943
What are the prime factors of 1014501037?
11, 53, 71, 24509
List the prime factors of 27496517.
193, 142469
What are the prime factors of 339096662?
2, 31, 5469301
List the prime factors of 221739926.
2, 251, 441713
List the prime factors of 23465215.
5, 37, 126839
List the prime factors of 28511167.
28511167
What are the prime factors of 22858973?
22858973
List the prime factors of 6186557008.
2, 29, 13333097
What are the prime factors of 35840036?
2, 2371, 3779
What are the prime factors of 1015594624?
2, 11, 23, 2851
List the prime factors of 8658697.
8658697
List the prime factors of 355220253.
3, 17, 2321701
What are the prime factors of 700575038?
2, 350287519
List the prime factors of 1022207191.
659, 1087, 1427
List the prime factors of 572701986.
2, 3, 347, 91691
What are the prime factors of 7660893?
3, 2553631
What are the prime factors of 36293563?
23, 557, 2833
What are the prime factors of 84341393?
84341393
List the prime factors of 149154538.
2, 13, 5736713
List the prime factors of 225917005.
5, 37, 53, 23041
List the prime factors of 94745278.
2, 47372639
What are the prime factors of 1416938085?
3, 5, 31487513
What are the prime factors of 99090119?
67, 1478957
List the prime factors of 5814537366.
2, 3, 11, 3637, 24223
What are the prime factors of 1993877116?
2, 7, 11, 131, 49417
List the prime factors of 208516887.
3, 19, 181, 6737
What are the prime factors of 18499225?
5, 739969
What are the prime factors of 141068291?
7, 13, 47, 32983
What are the prime factors of 1686670091?
1686670091
What are the prime factors of 4331392985?
5, 71, 241, 50627
List the prime factors of 1084295497.
11927, 90911
List the prime factors of 767430014.
2, 13, 17, 133559
List the prime factors of 454651672.
2, 17, 23, 145349
List the prime factors of 4088088.
2, 3, 56779
List the prime factors of 11918074.
2, 7, 31, 3923
What are the prime factors of 34234904?
2, 11, 563, 691
What are the prime factors of 23008110?
2, 3, 5, 766937
What are the prime factors of 935435234?
2, 17, 241, 114161
List the prime factors of 27688277.
113, 245029
List the prime factors of 899299585.
5, 941, 191137
What are the prime factors of 4243750602?
2, 3, 7, 13, 47, 61, 2711
What are the prime factors of 2657122174?
2, 7, 239, 794119
List the prime factors of 31203844.
2, 7, 1114423
What are the prime factors of 408416884?
2, 102104221
What are the prime factors of 3802373?
17, 59, 223
List the prime factors of 2679114.
2, 3, 19, 71, 331
What are the prime factors of 1503700677?
3, 17, 401, 24509
List the prime factors of 1643932220.
2, 5, 7, 11742373
What are the prime factors of 84921697?
7, 19, 37, 17257
List the prime factors of 3030203676.
2, 3, 19, 699493
What are the prime factors of 11386421?
193, 58997
List the prime factors of 2101672615.
5, 7, 283, 212183
List the prime fact